e units digit of o?
5
Let s(p) = -p**2 - 4*p + 5. Let h be s(-4). Suppose -h*k + 9 = -8*k. Let f(i) = 2*i**2 + 3*i + 3. What is the tens digit of f(k)?
1
Let a be 21/6*(-4)/(-7). Suppose 0 = a*g - 3*l + 3, -5*g + 6*l - 2*l + 3 = 0. Suppose -g*j + 150 = -0*j. What is the tens digit of j?
5
Let g(o) be the second derivative of -o**3/6 + 3*o**2/2 + 3*o. Let k be g(0). Suppose -k*d + 49 = -8. What is the units digit of d?
9
Let w(x) be the second derivative of -x**5/20 - 23*x**4/12 - x**3/6 + 17*x**2 + 6*x. What is the units digit of w(-23)?
7
Let w(o) = -o**3 + 13*o**2 - 29*o - 7. Let c be w(10). Let x(s) = 71*s - 11. What is the units digit of x(c)?
2
Let v(z) = 4*z + 35. Let n be v(-8). Suppose 0 = -0*i - n*i + 12, 3*i = 4*y - 292. What is the units digit of y?
6
Let o = -75 - -72. Let h(g) = -17*g + 4. What is the tens digit of h(o)?
5
Let n = -1660 - -1663. Suppose 0 = 2*p + 2*a - 300, p + 618 = 5*p - 2*a. Suppose p - 18 = n*s. What is the units digit of s?
5
Let f(n) = 1012*n**2 - n + 2. What is the thousands digit of f(1)?
1
Suppose 0 = 4*f + s - 2668 - 575, 5*s + 2461 = 3*f. What is the hundreds digit of f?
8
Suppose 3*s = -2*s. Suppose s = 5*h - 170 - 75. What is the tens digit of h?
4
Suppose 2*r - 7 = r. Suppose r*f - 112 = 3*f. What is the tens digit of 8/f + 692/28?
2
Let o(m) = m**2 - 8*m + 8. Let k be o(8). Suppose 0 = -2*a + k - 4. What is the units digit of a?
2
Let g(y) = -2*y**2 + 28*y + 7. What is the units digit of g(14)?
7
Let i(x) = x**2 + 3*x + 2. Let h be i(-4). Let s be (-106)/h - 18/(-27). Let q = s - -55. What is the units digit of q?
8
Suppose 0 = -0*d + d - 3*j + 13, 4*d - 13 = -j. Suppose 5*y - d - 8 = 0. Suppose -44 = -2*x - y*x + 4*t, 2*x = -2*t + 30. What is the units digit of x?
3
Let x(a) = a**2 + a - 1. Let g(u) = -4*u**2 - 8*u + 4. Let i(p) = -g(p) - x(p). Suppose 5*y = -2*m - 30, 2*y - 3*m + 6 + 6 = 0. What is the units digit of i(y)?
3
Let p(f) = 110*f**2 + 2*f + 1. Suppose 5 = q - 0, -4*q = -3*j - 23. What is the units digit of p(j)?
9
Suppose 5*r - 16 = r. Let t(c) = 17*c - 6. What is the tens digit of t(r)?
6
Let n(q) = 1 + 2*q**3 - q**3 + 0*q**2 - 4*q + 5*q**2 - 9. What is the units digit of n(4)?
0
Let w(y) = -2*y**2 + 2*y - 1. Let g be w(1). What is the units digit of g/(-3)*1659/7?
9
Let a(f) = -18*f**3 - 4*f**2 + 2*f. What is the units digit of a(-2)?
4
What is the thousands digit of (-4836)/2*(-14)/(-6)*-1?
5
Suppose 5*y + 9 = 3*w, 5*w - 4 = -2*y + 11. Suppose 5*a + w*l - 169 = 0, a + 6*l - 3*l = 41. What is the units digit of a?
2
Suppose 5*s + 1864 = 3*r, 0 = 6*r - 4*r + 5*s - 1201. What is the hundreds digit of r?
6
Let c be (4 + 1)/(16/192). Suppose -3*d - y + c = 3*y, 2*d + 3*y = 39. What is the tens digit of d?
2
Let a(i) = 1 + 5*i - 9*i - i**2 - 9*i - 3*i. What is the tens digit of a(-5)?
5
Suppose 15*q - 16*q = 5, -4*q = -2*k + 2270. What is the units digit of k?
5
Let w(y) = -5*y - 91. What is the units digit of w(-23)?
4
Suppose -3*v - 2*y + 3 = -16, -5*v - 4*y = -31. Suppose -4*s = t - 724, 3*s = v*s - t - 724. What is the tens digit of s?
8
What is the tens digit of ((-1612)/10)/(13 - 1834/140)?
1
Let v(s) = -32*s - 34. What is the units digit of v(-31)?
8
Suppose 30275 = 19*w + 9831. What is the tens digit of w?
7
Let c be 1*((-4)/8 + 11/2). Suppose 0 = -2*i + 2*p + p + 160, c*p = -i + 93. What is the tens digit of i?
8
Suppose 1 - 3 = z. Let g(j) = 3*j + 7. What is the units digit of g(z)?
1
Let q(r) = -r**2 - 29*r + 14. Let v be q(-31). Let u = v + 123. What is the tens digit of u?
7
Suppose 2*u = 4*u. Let k(i) = i - 1. Let s(n) = 4*n - 2. Let t(o) = -7*k(o) + 2*s(o). What is the units digit of t(u)?
3
Suppose 102942 = -2387*i + 2405*i. What is the tens digit of i?
1
Suppose 2*w - g = 168, 0*g - g - 85 = -w. Suppose -3*q - 57 = -3*l, -6*l - 3*q + w = -2*l. What is the units digit of l?
0
Let d = -3176 - -5625. What is the tens digit of d?
4
What is the units digit of 20*(-4)/8 + 911?
1
Let a(m) = 7*m. Suppose -3*c + 21 = -b, -2*c - 30 = 3*b - 0*c. Let j(o) = -o**2 - 11*o + 13. Let p be j(b). What is the units digit of a(p)?
7
What is the units digit of 1064/((-1)/(-1)) + (16 - 12)?
8
Let m(w) be the first derivative of w**2/2 + 6*w + 2. Suppose 0 = 5*c - 16 - 54. What is the units digit of m(c)?
0
Let l(v) = 5*v**2 + 14*v + 12. What is the hundreds digit of l(-10)?
3
Let z(f) = 26*f**2 - 8*f - 111. What is the hundreds digit of z(-8)?
6
Suppose t + 5*r - 14 = 0, -3*t + 42 = -0*r - 5*r. Suppose 13*x = t*x - 157. What is the hundreds digit of x?
1
Suppose 24*s - 598 = 22*s. Let m = s - 198. What is the units digit of m?
1
Suppose 20 = -5*k, 4*k = -2*z - k - 20. What is the tens digit of 1/(5/195 + z)?
3
Suppose 7*w + 3370 - 17916 = 0. What is the thousands digit of w?
2
Let o = -480 + 715. Let m = o - 167. What is the tens digit of m?
6
Suppose -7*w + 18 = -w. Suppose -2*g + 4*y = 3*g - 1040, -3*g + 627 = -w*y. What is the units digit of g?
4
Let a(d) = -4*d + 76. What is the units digit of a(2)?
8
Suppose -38 = 2*y + 2*a, -a + 2 = 3. Let b(p) = -p**2 - 23*p + 27. What is the units digit of b(y)?
7
Let o(r) be the first derivative of -5*r**2/2 - 2*r + 10. Let j be o(-4). What is the units digit of (-14)/((j/15)/(-3))?
5
Let n(p) = -p**3 + 23*p**2 - 16*p - 79. What is the units digit of n(18)?
3
Let u(z) = 148*z. Let b be u(1). Suppose -d = -3*c + d + b, -c + 51 = -d. What is the tens digit of c?
4
Let n(k) = 8*k + 62. Let h be 2/(-10) + 39/(-5) + 2. What is the tens digit of n(h)?
1
Suppose -206*w + 211*w - 3*c = 1048, -5*w = 3*c - 1042. What is the hundreds digit of w?
2
Suppose -5*l - 3*j - 9 = 0, -3*j + 5 - 14 = 4*l. Suppose l*y + 50 = 2*y. What is the tens digit of y?
2
Suppose 0 = 41*o - 110 - 95. Let j(r) = -r**3 - 6*r**2 - 2*r - 8. Let p be j(-6). Suppose p*s - 4*z - 64 = -0*z, -o*s + 84 = -3*z. What is the tens digit of s?
1
Let i(y) = 3*y**2 + 1. Let k be i(-1). Suppose -357 = -3*s + 3*q, 2*s - k*s = 3*q - 263. Let n = s - 53. What is the tens digit of n?
7
Let n = 892 - 326. What is the hundreds digit of n?
5
Let p(i) = -i**3 + 2*i**2 + 3*i + 1. Let m be p(3). Let q be (-147)/12 - m/(-4). What is the units digit of (q/18)/(1/(-27))?
8
Let p = 19 - 19. Let g(n) = n**2 + n**3 - 5*n + 3*n + 22 + n. What is the tens digit of g(p)?
2
Let x(m) = -m + 2. Let w be x(1). What is the units digit of (15 - -8)*(w + 0)?
3
Let n = 4558 - 2854. What is the hundreds digit of n?
7
Let s(k) = 2*k + 4. Let i(y) = y**2 + 8*y + 17. Let d(j) = 2*i(j) - 9*s(j). Let g be d(-2). Suppose 8*l = 3*l + g. What is the units digit of l?
2
Suppose -v - 207 + 614 = -2*z, 0 = v - 3*z - 411. What is the hundreds digit of v?
3
Suppose 19*s = 14*s - 55. Let f = s - -14. Suppose -3*l - 39 = -2*x, f*x + 3*l - l - 65 = 0. What is the units digit of x?
1
Suppose u - 7589 = -2339. What is the tens digit of u?
5
Let t be (1 + 0)/(2/6). Suppose -198 = -t*c - 30. What is the units digit of c?
6
Let l(f) = -f**2 + 5*f + 4. Let p be ((-4)/(-8))/((-1)/(-12)). Let v be l(p). Let s = 15 - v. What is the tens digit of s?
1
Let g(i) = i**3 + 2*i**2 - 4*i - 1. Let m be g(-3). Let s = 0 + m. Suppose -s*z + 24 = 4*q + 2*z, -5*q + 39 = 2*z. What is the units digit of q?
9
Suppose -5*i = 2 - 17. Suppose -8*t + 5*t = -12. Suppose 4*j - 237 = i*o - t*o, 3*o = 3. What is the units digit of j?
9
Suppose 3*o - 5*o = 0. Let j(k) = -k**2 + 12. Let x be j(o). Let a = 22 - x. What is the tens digit of a?
1
Suppose 15*j - 42 = 3. Suppose 0*q = 2*q - 258. Suppose -j*w - 51 = -q. What is the tens digit of w?
2
Suppose 58*r - 20*r = 137066. What is the units digit of r?
7
Let x = -503 - -231. Let b be (-4)/(-18) - x/72. What is the units digit of 3/(-6) + 22/b?
5
Let g(o) = 23*o**2 - 1. Suppose k = 6*k - 10. Let m(t) = t - 1. Let c be m(k). What is the units digit of g(c)?
2
Let j(z) be the second derivative of -z**5/60 + 5*z**4/8 - z**3/6 + z**2 - 2*z. Let d(u) be the first derivative of j(u). What is the units digit of d(6)?
3
Suppose s = -i + 11, 4*s = -2*i - i + 41. Suppose -s*z = -12*z + 364. What is the units digit of z?
1
Let f = -745 - -2290. What is the hundreds digit of f?
5
Suppose -11*s - 9777 + 48112 = 0. What is the units digit of s?
5
Let n(q) = q**2 + 10*q - 6. Suppose 3*o - 6*o = -6. Let l = o + -14. What is the units digit